04 is divided by 153863.
0
Calculate the remainder when 143890 is divided by 70479.
2932
Calculate the remainder when 140630 is divided by 3051.
284
What is the remainder when 55080218 is divided by 1280935?
13
What is the remainder when 1678913 is divided by 6062?
5801
Calculate the remainder when 61988110 is divided by 2538.
2536
What is the remainder when 58237 is divided by 429?
322
What is the remainder when 2190662 is divided by 2154?
44
Calculate the remainder when 178466 is divided by 2101.
1982
Calculate the remainder when 8162534 is divided by 4372.
10
Calculate the remainder when 60009129 is divided by 2.
1
Calculate the remainder when 851336 is divided by 11216.
10136
Calculate the remainder when 11087955 is divided by 55.
10
Calculate the remainder when 111968 is divided by 18599.
374
Calculate the remainder when 23806 is divided by 11790.
226
What is the remainder when 553700 is divided by 50?
0
What is the remainder when 232592407 is divided by 50?
7
What is the remainder when 76041 is divided by 1221?
339
What is the remainder when 572882 is divided by 1561?
1556
Calculate the remainder when 152345 is divided by 4009.
3
What is the remainder when 2037064 is divided by 986?
974
Calculate the remainder when 31042737 is divided by 41.
38
Calculate the remainder when 249331 is divided by 1909.
1161
What is the remainder when 23262989 is divided by 83?
81
Calculate the remainder when 129664 is divided by 957.
469
What is the remainder when 26460 is divided by 2162?
516
Calculate the remainder when 88724 is divided by 4213.
251
Calculate the remainder when 33164536 is divided by 336.
328
Calculate the remainder when 6619857 is divided by 780.
777
Calculate the remainder when 1961805 is divided by 355.
75
Calculate the remainder when 705539014 is divided by 1355.
1354
What is the remainder when 171986 is divided by 76?
74
What is the remainder when 9184832 is divided by 1148103?
8
Calculate the remainder when 728906 is divided by 91112.
10
What is the remainder when 150230019 is divided by 10?
9
Calculate the remainder when 541455108 is divided by 87.
81
What is the remainder when 5259487 is divided by 2444?
2443
What is the remainder when 55240 is divided by 89?
60
What is the remainder when 4429181 is divided by 435?
11
Calculate the remainder when 4770313 is divided by 2385154.
5
Calculate the remainder when 1103992 is divided by 64939.
29
What is the remainder when 53191348 is divided by 15?
13
What is the remainder when 47566158 is divided by 23783069?
20
Calculate the remainder when 596243896 is divided by 7.
3
Calculate the remainder when 57118880 is divided by 299.
13
What is the remainder when 23966919 is divided by 956?
955
Calculate the remainder when 132177626 is divided by 1756.
1750
What is the remainder when 1542117 is divided by 2744?
2733
What is the remainder when 33681 is divided by 3934?
2209
Calculate the remainder when 3107830 is divided by 2184.
2182
Calculate the remainder when 24743068 is divided by 135.
133
What is the remainder when 40168 is divided by 7894?
698
What is the remainder when 11310233 is divided by 2827555?
13
Calculate the remainder when 73847608 is divided by 572462.
10
Calculate the remainder when 18693 is divided by 328.
325
Calculate the remainder when 239615 is divided by 59578.
1303
Calculate the remainder when 186966 is divided by 618.
330
What is the remainder when 53268 is divided by 9857?
3983
Calculate the remainder when 3184111 is divided by 265341.
19
Calculate the remainder when 16857113 is divided by 420.
413
Calculate the remainder when 1877517 is divided by 133.
89
Calculate the remainder when 133909 is divided by 4614.
103
What is the remainder when 57333 is divided by 1986?
1725
What is the remainder when 79649450 is divided by 7063?
7062
Calculate the remainder when 327556232 is divided by 109185405.
17
What is the remainder when 293021576 is divided by 6333?
6332
What is the remainder when 23603925 is divided by 3371988?
9
Calculate the remainder when 276543 is divided by 5121.
9
What is the remainder when 2356031 is divided by 112?
111
Calculate the remainder when 27096 is divided by 26368.
728
What is the remainder when 1433576 is divided by 41?
11
Calculate the remainder when 1584933 is divided by 1584930.
3
Calculate the remainder when 2332414 is divided by 6028.
5606
Calculate the remainder when 19405 is divided by 19381.
24
Calculate the remainder when 52721 is divided by 3757.
123
Calculate the remainder when 345839 is divided by 324.
131
What is the remainder when 12237971 is divided by 1359773?
14
What is the remainder when 144418 is divided by 9627?
13
What is the remainder when 596211 is divided by 1443?
252
What is the remainder when 11091333 is divided by 23?
20
What is the remainder when 22085138 is divided by 3680803?
320
Calculate the remainder when 8669 is divided by 1060.
189
Calculate the remainder when 8390222 is divided by 91198.
6
What is the remainder when 93960 is divided by 895?
880
What is the remainder when 791010 is divided by 395207?
596
What is the remainder when 6939779 is divided by 11033?
22
What is the remainder when 107572 is divided by 107339?
233
Calculate the remainder when 24571832 is divided by 869.
857
Calculate the remainder when 400561 is divided by 169.
31
What is the remainder when 169315 is divided by 12541?
6282
What is the remainder when 7817568 is divided by 601348?
44
What is the remainder when 14772761 is divided by 10029?
44
Calculate the remainder when 29412190 is divided by 9804045.
55
Calculate the remainder when 40025646 is divided by 16.
14
What is the remainder when 96434 is divided by 3298?
792
Calculate the remainder when 25266656 is divided by 323931.
38
What is the remainder when 27144998 is divided by 40?
38
What is the remainder when 8632258 is divided by 279?
277
Calculate the remainder when 304678 is divided by 1110.
538
Calculate the remainder when 48834937 is divided by 38.
35
What is the remainder when 144779 is divided by 20653?
208
What is the remainder when 69568 is divided by 2667?
226
Calculate the remainder when 1644263890 is divided by 36.
34
Calculate the remainder when 14587 is divided by 10489.
4098
What is the remainder when 2877519 is divided by 13637?
112
Calculate the remainder when 33710 is divided by 33636.
74
Calculate the remainder when 2449409 is divided by 1434.
137
Calculate the remainder when 1666145 is divided by 472.
457
Calculate the remainder when 12472864 is divided by 256.
32
Calculate the remainder when 1743029 is divided by 18.
17
Calculate the remainder when 208527374 is divided by 525.
524
Calculate the remainder when 16324882 is divided by 263304.
34
Calculate the remainder when 55839 is divided by 5925.
2514
Calculate the remainder when 114602856 is divided by 2715.
2706
Calculate the remainder when 18485608 is divided by 65.
63
What is the remainder when 3937815 is divided by 802?
797
What is the remainder when 284990 is divided by 527?
410
Calculate the remainder when 19879 is divided by 618.
103
Calculate the remainder when 460574939 is divided by 71.
69
Calculate the remainder when 1573224 is divided by 26220.
24
What is the remainder when 25693860 is divided by 7595?
7570
Calculate the remainder when 8497356 is divided by 414.
6
What is the remainder when 131945 is divided by 32969?
69
Calculate the remainder when 13249624 is divided by 125.
124
What is the remainder when 497742 is divided by 26196?
18
What is the remainder when 21221910 is divided by 3061?
3058
What is the remainder when 1927389 is divided by 97?
96
What is the remainder when 21339384 is divided by 10669682?
20
Calculate the remainder when 7478618 is divided by 53.
0
Calculate the remainder when 431910 is divided by 7438.
506
Calculate the remainder when 359059 is divided by 32636.
63
What is the remainder when 29187414 is divided by 2653401?
3
What is the remainder when 31149 is divided by 5142?
297
What is the remainder when 1481253 is divided by 882?
375
What is the remainder when 856442 is divided by 122330?
132
Calculate the remainder when 6053781 is divided by 44.
41
What is the remainder when 15891742 is divided by 169?
165
What is the remainder when 1965650 is divided by 731?
722
Calcula